{"id":2012,"date":"2024-09-17T21:41:05","date_gmt":"2024-09-17T21:41:05","guid":{"rendered":"https:\/\/anprotec.org.br\/conferencia2024\/?post_type=participantes&#038;p=2012"},"modified":"2024-11-11T20:02:43","modified_gmt":"2024-11-11T20:02:43","slug":"lucas-maciel","status":"publish","type":"participantes","link":"https:\/\/anprotec.org.br\/conferencia2024\/participantes\/lucas-maciel\/","title":{"rendered":"Lucas Maciel"},"content":{"rendered":"\n<p>Lucas Ramalho Maciel \u00e9 Especialista em Pol\u00edticas P\u00fablicas e Gest\u00e3o Governamental com mais de 15 anos de experi\u00eancia. Atuou na Equipe de Transi\u00e7\u00e3o do Governo Lula e participou do processo de recria\u00e7\u00e3o do <a href=\"https:\/\/www.gov.br\/mdic\/pt-br\">Minist\u00e9rio do Desenvolvimento, Ind\u00fastria, Com\u00e9rcio e Servi\u00e7os<\/a> e da cria\u00e7\u00e3o da Secretaria de Economia Verde, Descarboniza\u00e7\u00e3o e Bioind\u00fastria, onde atualmente exerce o cargo de Diretor de Novas Economias.&nbsp;<\/p>\n\n\n\n<p>Ele liderou a \u00e1rea de inova\u00e7\u00e3o social e coordenou a Estrat\u00e9gia Nacional de Economia de Impacto &#8211; Enimpacto, que aumentou significativamente os investimentos de impacto no pa\u00eds.&nbsp;<\/p>\n\n\n\n<p>Ele tamb\u00e9m atuou no Programa Inovativa Brasil, acelerando mais de 2 mil startups, e no programa BNDES Garagem. Na Secretaria-Geral da Presid\u00eancia da Rep\u00fablica, ele formulou e coordenou programas em parceria com o BNDES. Antes disso, ele trabalhou no Programa de Aquisi\u00e7\u00e3o de Alimentos (PAA) da Conab e no Programa de Extens\u00e3o Universit\u00e1ria da Secretaria de Educa\u00e7\u00e3o Superior. Ele \u00e9 graduado em Agronomia, especialista em Gest\u00e3o Governamental e mestre em Agroneg\u00f3cio. Ele tamb\u00e9m \u00e9 parte do programa de lideran\u00e7as em mudan\u00e7as clim\u00e1ticas do Climate Reality Project liderado pelo ex-vice presidente dos&nbsp;EUA,&nbsp;Al&nbsp;Gore<\/p>\n","protected":false},"featured_media":2004,"template":"","class_list":["post-2012","participantes","type-participantes","status-publish","has-post-thumbnail","hentry"],"_links":{"self":[{"href":"https:\/\/anprotec.org.br\/conferencia2024\/wp-json\/wp\/v2\/participantes\/2012","targetHints":{"allow":["GET"]}}],"collection":[{"href":"https:\/\/anprotec.org.br\/conferencia2024\/wp-json\/wp\/v2\/participantes"}],"about":[{"href":"https:\/\/anprotec.org.br\/conferencia2024\/wp-json\/wp\/v2\/types\/participantes"}],"wp:featuredmedia":[{"embeddable":true,"href":"https:\/\/anprotec.org.br\/conferencia2024\/wp-json\/wp\/v2\/media\/2004"}],"wp:attachment":[{"href":"https:\/\/anprotec.org.br\/conferencia2024\/wp-json\/wp\/v2\/media?parent=2012"}],"curies":[{"name":"wp","href":"https:\/\/api.w.org\/{rel}","templated":true}]}}

<p>Lucas Ramalho Maciel é Especialista em Políticas Públicas e Gestão Governamental com mais de 15 anos de experiência. Atuou na Equipe de Transição do Governo Lula e participou do processo de recriação do <a href="https://www.gov.br/mdic/pt-br">Ministério do Desenvolvimento, Indústria, Comércio e Serviços</a> e da criação da Secretaria de Economia Verde, Descarbonização e Bioindústria, onde atualmente exerce o cargo de Diretor de Novas Economias.&nbsp;</p>



<p>Ele liderou a área de inovação social e coordenou a Estratégia Nacional de Economia de Impacto &#8211; Enimpacto, que aumentou significativamente os investimentos de impacto no país.&nbsp;</p>



<p>Ele também atuou no Programa Inovativa Brasil, acelerando mais de 2 mil startups, e no programa BNDES Garagem. Na Secretaria-Geral da Presidência da República, ele formulou e coordenou programas em parceria com o BNDES. Antes disso, ele trabalhou no Programa de Aquisição de Alimentos (PAA) da Conab e no Programa de Extensão Universitária da Secretaria de Educação Superior. Ele é graduado em Agronomia, especialista em Gestão Governamental e mestre em Agronegócio. Ele também é parte do programa de lideranças em mudanças climáticas do Climate Reality Project liderado pelo ex-vice presidente dos&nbsp;EUA,&nbsp;Al&nbsp;Gore</p>
