{"id":2009,"date":"2024-09-17T21:40:12","date_gmt":"2024-09-17T21:40:12","guid":{"rendered":"https:\/\/anprotec.org.br\/conferencia2024\/?post_type=participantes&#038;p=2009"},"modified":"2024-11-21T20:33:25","modified_gmt":"2024-11-21T20:33:25","slug":"ingrid-barth","status":"publish","type":"participantes","link":"https:\/\/anprotec.org.br\/conferencia2024\/participantes\/ingrid-barth\/","title":{"rendered":"Ingrid Barth"},"content":{"rendered":"\n<p>Economista e tamb\u00e9m estudou engenharia civil, MBA em empreendedorismo pela FIA USP, participou da forma\u00e7\u00e3o de conselheiras ABPW na Saint Paul, especializa\u00e7\u00e3o em tesouraria em NY e Chicago. Trabalhou no Santander, no JPMorgan por quase 14 anos e em 2016 fez uma transi\u00e7\u00e3o de carreira para o mercado de fintechs onde criou a conta digital PJ do Banco Neon.<br><br>Em 2018 cofundou o Linker, banco digital exclusivamente para PMEs. Em 2021 o Linker foi adquirido pela Omie e atuou como COO at\u00e9 abril de 2024.<\/p>\n\n\n\n<p>Al\u00e9m disso foi conselheira do Open Finance com o Banco Central representando as fintechs. \u00c9 presidente da associa\u00e7\u00e3o brasileira de startups (ABStartups), conselheira de empresas, investidora-anjo, l\u00edder brasileira da c\u00fapula de Startups no G20 para o grupo de startups e conselheira do Conselho de desenvolvimento econ\u00f4mico, social e sustent\u00e1vel (CDESS) da presid\u00eancia da rep\u00fablica, o Conselh\u00e3o.<\/p>\n","protected":false},"featured_media":1995,"template":"","class_list":["post-2009","participantes","type-participantes","status-publish","has-post-thumbnail","hentry"],"_links":{"self":[{"href":"https:\/\/anprotec.org.br\/conferencia2024\/wp-json\/wp\/v2\/participantes\/2009","targetHints":{"allow":["GET"]}}],"collection":[{"href":"https:\/\/anprotec.org.br\/conferencia2024\/wp-json\/wp\/v2\/participantes"}],"about":[{"href":"https:\/\/anprotec.org.br\/conferencia2024\/wp-json\/wp\/v2\/types\/participantes"}],"wp:featuredmedia":[{"embeddable":true,"href":"https:\/\/anprotec.org.br\/conferencia2024\/wp-json\/wp\/v2\/media\/1995"}],"wp:attachment":[{"href":"https:\/\/anprotec.org.br\/conferencia2024\/wp-json\/wp\/v2\/media?parent=2009"}],"curies":[{"name":"wp","href":"https:\/\/api.w.org\/{rel}","templated":true}]}}

<p>Economista e também estudou engenharia civil, MBA em empreendedorismo pela FIA USP, participou da formação de conselheiras ABPW na Saint Paul, especialização em tesouraria em NY e Chicago. Trabalhou no Santander, no JPMorgan por quase 14 anos e em 2016 fez uma transição de carreira para o mercado de fintechs onde criou a conta digital PJ do Banco Neon.<br><br>Em 2018 cofundou o Linker, banco digital exclusivamente para PMEs. Em 2021 o Linker foi adquirido pela Omie e atuou como COO até abril de 2024.</p>



<p>Além disso foi conselheira do Open Finance com o Banco Central representando as fintechs. É presidente da associação brasileira de startups (ABStartups), conselheira de empresas, investidora-anjo, líder brasileira da cúpula de Startups no G20 para o grupo de startups e conselheira do Conselho de desenvolvimento econômico, social e sustentável (CDESS) da presidência da república, o Conselhão.</p>
