{"id":753,"date":"2022-08-31T00:05:06","date_gmt":"2022-08-31T00:05:06","guid":{"rendered":"https:\/\/anprotec.org.br\/conferencia2022\/?page_id=753"},"modified":"2022-08-31T00:07:40","modified_gmt":"2022-08-31T00:07:40","slug":"evento","status":"publish","type":"page","link":"https:\/\/anprotec.org.br\/conferencia2022\/evento\/","title":{"rendered":"Evento"},"content":{"rendered":"\t\t<div data-elementor-type=\"wp-page\" data-elementor-id=\"753\" class=\"elementor elementor-753\">\n\t\t\t\t\t\t<div class=\"elementor-inner\">\n\t\t\t\t<div class=\"elementor-section-wrap\">\n\t\t\t\t\t\t\t\t\t<section class=\"ob-is-breaking-bad elementor-section elementor-top-section elementor-element elementor-element-0015c05 elementor-section-boxed elementor-section-height-default elementor-section-height-default\" data-id=\"0015c05\" data-element_type=\"section\" data-settings=\"{&quot;jet_parallax_layout_list&quot;:[{&quot;jet_parallax_layout_image&quot;:{&quot;url&quot;:&quot;&quot;,&quot;id&quot;:&quot;&quot;},&quot;_id&quot;:&quot;37f47f4&quot;,&quot;jet_parallax_layout_image_tablet&quot;:{&quot;url&quot;:&quot;&quot;,&quot;id&quot;:&quot;&quot;},&quot;jet_parallax_layout_image_mobile&quot;:{&quot;url&quot;:&quot;&quot;,&quot;id&quot;:&quot;&quot;},&quot;jet_parallax_layout_speed&quot;:{&quot;unit&quot;:&quot;%&quot;,&quot;size&quot;:50,&quot;sizes&quot;:[]},&quot;jet_parallax_layout_type&quot;:&quot;scroll&quot;,&quot;jet_parallax_layout_direction&quot;:null,&quot;jet_parallax_layout_fx_direction&quot;:null,&quot;jet_parallax_layout_z_index&quot;:&quot;&quot;,&quot;jet_parallax_layout_bg_x&quot;:50,&quot;jet_parallax_layout_bg_x_tablet&quot;:&quot;&quot;,&quot;jet_parallax_layout_bg_x_mobile&quot;:&quot;&quot;,&quot;jet_parallax_layout_bg_y&quot;:50,&quot;jet_parallax_layout_bg_y_tablet&quot;:&quot;&quot;,&quot;jet_parallax_layout_bg_y_mobile&quot;:&quot;&quot;,&quot;jet_parallax_layout_bg_size&quot;:&quot;auto&quot;,&quot;jet_parallax_layout_bg_size_tablet&quot;:&quot;&quot;,&quot;jet_parallax_layout_bg_size_mobile&quot;:&quot;&quot;,&quot;jet_parallax_layout_animation_prop&quot;:&quot;transform&quot;,&quot;jet_parallax_layout_on&quot;:[&quot;desktop&quot;,&quot;tablet&quot;]}],&quot;_ob_bbad_use_it&quot;:&quot;yes&quot;,&quot;_ob_bbad_sssic_use&quot;:&quot;no&quot;,&quot;_ob_glider_is_slider&quot;:&quot;no&quot;}\">\n\t\t\t\t\t\t<div class=\"elementor-container elementor-column-gap-default\">\n\t\t\t\t\t\t\t<div class=\"elementor-row\">\n\t\t\t\t\t<div class=\"elementor-column elementor-col-100 elementor-top-column elementor-element elementor-element-5357fc3\" data-id=\"5357fc3\" data-element_type=\"column\" data-settings=\"{&quot;_ob_bbad_is_stalker&quot;:&quot;no&quot;,&quot;_ob_teleporter_use&quot;:false,&quot;_ob_column_hoveranimator&quot;:&quot;no&quot;,&quot;_ob_column_has_pseudo&quot;:&quot;no&quot;}\">\n\t\t\t<div class=\"elementor-column-wrap elementor-element-populated\">\n\t\t\t\t\t\t\t<div class=\"elementor-widget-wrap\">\n\t\t\t\t\t\t<div class=\"elementor-element elementor-element-33b7b1e ob-harakiri-inherit ob-has-background-overlay elementor-widget elementor-widget-text-editor\" data-id=\"33b7b1e\" data-element_type=\"widget\" data-settings=\"{&quot;_ob_use_harakiri&quot;:&quot;yes&quot;,&quot;_ob_harakiri_writing_mode&quot;:&quot;inherit&quot;,&quot;_ob_postman_use&quot;:&quot;no&quot;,&quot;_ob_perspektive_use&quot;:&quot;no&quot;,&quot;_ob_poopart_use&quot;:&quot;yes&quot;,&quot;_ob_shadough_use&quot;:&quot;no&quot;,&quot;_ob_allow_hoveranimator&quot;:&quot;no&quot;,&quot;_ob_widget_stalker_use&quot;:&quot;no&quot;}\" data-widget_type=\"text-editor.default\">\n\t\t\t\t<div class=\"elementor-widget-container\">\n\t\t\t\t\t\t\t\t<div class=\"elementor-text-editor elementor-clearfix\">\n\t\t\t\t<h1><b>O evento<\/b><\/h1><p><span style=\"font-weight: 400;\">Com mais de 30 edi\u00e7\u00f5es realizadas, a Confer\u00eancia Anprotec \u00e9 um grande encontro de ambientes de inova\u00e7\u00e3o que acontece anualmente para promover temas relacionados ao cen\u00e1rio de Ci\u00eancia, Tecnologia e Inova\u00e7\u00e3o. <\/span><\/p><p><span style=\"font-weight: 400;\">Realizado pela Anprotec em parceria com o SEBRAE, o evento j\u00e1 teve mais de 15 cidades-sede, com a participa\u00e7\u00e3o de mais de 16 mil pessoas, de mais de 40 cidades.<\/span><\/p><p><span style=\"font-weight: 400;\">Neste ano, em sua 32\u00aa edi\u00e7\u00e3o, o evento ter\u00e1 como tema &#8220;200 anos de Independ\u00eancia: o cen\u00e1rio da C,T&amp;I no Brasil&#8221; e acontecer\u00e1 na cidade de Salvador, na Bahia, entre os dias 5 e 7 de dezembro.<\/span><\/p><h2>\u00a0<\/h2><h2><b>200 anos de Independ\u00eancia: o cen\u00e1rio da C,T&amp;I no Brasil<\/b><\/h2><p><span style=\"font-weight: 400;\">O evento abordar\u00e1 a hist\u00f3ria e o contexto que contribu\u00edram com a cria\u00e7\u00e3o de uma identidade brasileira no cen\u00e1rio de Tecnologia e Inova\u00e7\u00e3o, desde a independ\u00eancia do pa\u00eds at\u00e9 os dias de hoje, e tamb\u00e9m tratar\u00e1 sobre os pr\u00f3ximos passos, oportunidades e desafios para o setor.\u00a0<\/span><\/p><p><span style=\"font-weight: 400;\">A tem\u00e1tica ser\u00e1 abordada por meio de quatro trilhas, sendo elas:<\/span><\/p><h4>\u00a0<\/h4><h4><b>Trilha 1 | Hist\u00f3ria &#8211; As realiza\u00e7\u00f5es e conquistas da C,T&amp;I no Brasil<\/b><\/h4><p><span style=\"font-weight: 400;\">Da primeira institui\u00e7\u00e3o de ensino superior do pa\u00eds, a Escola de Cirurgia da Bahia, fundada em 1808, ao Marco Legal das Startups de 2021: quais as maiores realiza\u00e7\u00f5es na \u00e1rea de C,T&amp;I no Brasil nos \u00faltimos 200 anos? Como o ecossistema evoluiu em termos de atores, infraestrutura, regulamenta\u00e7\u00e3o e resultados?<\/span><\/p><h4><b>Trilha 2 | Cases &#8211; As contribui\u00e7\u00f5es dos ambientes de inova\u00e7\u00e3o para a C,T&amp;I no Brasil<\/b><\/h4><p><span style=\"font-weight: 400;\">A Anprotec comemora 35 anos em 2022. S\u00e3o mais de 350 atores integrantes do movimento dos ambientes de inova\u00e7\u00e3o: os parques tecnol\u00f3gicos, incubadoras e aceleradoras e por eles j\u00e1 passaram quase 15 mil empresas. A trilha ter\u00e1 um formato diferente, trazendo apresenta\u00e7\u00f5es pr\u00e1ticas e din\u00e2micas de cases de sucesso de ambientes associados \u00e0 Anprotec que contribu\u00edram diretamente para o desenvolvimento do cen\u00e1rio de C,T&amp;I no Brasil.<\/span><\/p><h4><b>Trilha 3 | Futuro &#8211; os desafios e oportunidades em C,T&amp;I<\/b><\/h4><p><span style=\"font-weight: 400;\">Os ambientes de inova\u00e7\u00e3o t\u00eam um papel importante na discuss\u00e3o junto \u00e0s universidades, ICTs, empresas, startups, governo e \u00f3rg\u00e3os de fomento para debater os rumos da Ci\u00eancia, Tecnologia, Inova\u00e7\u00e3o e do Empreendedorismo. A elabora\u00e7\u00e3o do Manifesto 22+ trouxe compromissos, diretrizes e a\u00e7\u00f5es para a inova\u00e7\u00e3o e tecnologia Made In Brazil no novo s\u00e9culo. Como os ambientes de inova\u00e7\u00e3o se posicionam em rela\u00e7\u00e3o \u00e0s necessidades atuais e futuras de C,T&amp;I do pa\u00eds?<\/span><\/p><h4><b>Trilha 4 | Futuro &#8211; Qual o papel dos ambientes de inova\u00e7\u00e3o na constru\u00e7\u00e3o do futuro da <\/b><b>C,T&amp; I no Brasil<\/b><\/h4><p><span style=\"font-weight: 400;\">Neste contexto, qual ser\u00e1 o papel dos ambientes de inova\u00e7\u00e3o que dar\u00e3o suporte aos empreendedores que transformam a ci\u00eancia e tecnologia em inova\u00e7\u00e3o? Como eles devem\u00a0 atuar para fomentar o empreendedorismo e, ao mesmo tempo, garantir a sua pr\u00f3pria sustentabilidade.<\/span><\/p><h4>\u00a0<\/h4><h4><b>Realiza\u00e7\u00e3o<\/b><\/h4><p><span style=\"font-weight: 400;\">A 32\u00aa Confer\u00eancia Anprotec \u00e9 realizada pela Anprotec em parceria com o Sebrae e conta com a co-organiza\u00e7\u00e3o da GetIN Aceleradora, da Prefeitura de Salvador, atrav\u00e9s da Secretaria Municipal de Inova\u00e7\u00e3o e Tecnologia, e a parceria estrat\u00e9gica do Estado da Bahia atrav\u00e9s da Secretaria de Turismo e a Secretaria de Ci\u00eancia Tecnologia e Inova\u00e7\u00e3o<\/span><\/p>\t\t\t\t\t<\/div>\n\t\t\t\t\t\t<\/div>\n\t\t\t\t<\/div>\n\t\t\t\t\t\t<\/div>\n\t\t\t\t\t<\/div>\n\t\t<\/div>\n\t\t\t\t\t\t\t\t<\/div>\n\t\t\t\t\t<\/div>\n\t\t<\/section>\n\t\t\t\t\t\t\t\t\t<\/div>\n\t\t\t<\/div>\n\t\t\t\t\t<\/div>\n\t\t","protected":false},"excerpt":{"rendered":"<p>O evento Com mais de 30 edi\u00e7\u00f5es realizadas, a Confer\u00eancia Anprotec \u00e9 um grande encontro de ambientes de inova\u00e7\u00e3o que acontece anualmente para promover temas relacionados ao cen\u00e1rio de Ci\u00eancia, Tecnologia e Inova\u00e7\u00e3o. Realizado pela Anprotec em parceria com o SEBRAE, o evento j\u00e1 teve mais de 15 cidades-sede, com a participa\u00e7\u00e3o de mais de [&hellip;]<\/p>\n","protected":false},"author":1,"featured_media":0,"parent":0,"menu_order":0,"comment_status":"closed","ping_status":"closed","template":"","meta":{"footnotes":""},"class_list":["post-753","page","type-page","status-publish","hentry"],"_links":{"self":[{"href":"https:\/\/anprotec.org.br\/conferencia2022\/wp-json\/wp\/v2\/pages\/753","targetHints":{"allow":["GET"]}}],"collection":[{"href":"https:\/\/anprotec.org.br\/conferencia2022\/wp-json\/wp\/v2\/pages"}],"about":[{"href":"https:\/\/anprotec.org.br\/conferencia2022\/wp-json\/wp\/v2\/types\/page"}],"author":[{"embeddable":true,"href":"https:\/\/anprotec.org.br\/conferencia2022\/wp-json\/wp\/v2\/users\/1"}],"replies":[{"embeddable":true,"href":"https:\/\/anprotec.org.br\/conferencia2022\/wp-json\/wp\/v2\/comments?post=753"}],"version-history":[{"count":4,"href":"https:\/\/anprotec.org.br\/conferencia2022\/wp-json\/wp\/v2\/pages\/753\/revisions"}],"predecessor-version":[{"id":757,"href":"https:\/\/anprotec.org.br\/conferencia2022\/wp-json\/wp\/v2\/pages\/753\/revisions\/757"}],"wp:attachment":[{"href":"https:\/\/anprotec.org.br\/conferencia2022\/wp-json\/wp\/v2\/media?parent=753"}],"curies":[{"name":"wp","href":"https:\/\/api.w.org\/{rel}","templated":true}]}}