{"id":907,"date":"2022-05-10T20:12:02","date_gmt":"2022-05-10T20:12:02","guid":{"rendered":"https:\/\/projetos.lacom.ag\/cerne\/?page_id=907"},"modified":"2022-05-10T20:51:14","modified_gmt":"2022-05-10T20:51:14","slug":"realizadores","status":"publish","type":"page","link":"https:\/\/anprotec.org.br\/cerne\/conceito\/realizadores\/","title":{"rendered":"Realizadores"},"content":{"rendered":"\t\t<div data-elementor-type=\"wp-page\" data-elementor-id=\"907\" data-post-id=\"907\" data-obj-id=\"907\" class=\"elementor elementor-907 dce-elementor-post-907\">\n\t\t\t\t\t\t<div class=\"elementor-inner\">\n\t\t\t\t<div class=\"elementor-section-wrap\">\n\t\t\t\t\t\t\t<div class=\"elementor-element elementor-element-45b8e00 e-container--column e-container\" data-id=\"45b8e00\" data-element_type=\"container\">\t\t\t\t<div class=\"elementor-element elementor-element-10fc766 elementor-widget elementor-widget-heading\" data-id=\"10fc766\" data-element_type=\"widget\" data-widget_type=\"heading.default\">\n\t\t\t\t<div class=\"elementor-widget-container\">\n\t\t\t<h2 class=\"elementor-heading-title elementor-size-default\">Realizadores<\/h2>\t\t<\/div>\n\t\t\t\t<\/div>\n\t\t\t\t<div class=\"elementor-element elementor-element-0c513e1 elementor-widget elementor-widget-text-editor\" data-id=\"0c513e1\" data-element_type=\"widget\" data-widget_type=\"text-editor.default\">\n\t\t\t\t<div class=\"elementor-widget-container\">\n\t\t\t\t\t\t\t\t<div class=\"elementor-text-editor elementor-clearfix\">\n\t\t\t\t<p>O Centro de Refer\u00eancia para Apoio a Novos Empreendimentos (Cerne) \u00e9 uma iniciativa da Associa\u00e7\u00e3o Nacional de Entidades Promotoras de Empreendimentos Inovadores (Anprotec) em parceria com o Servi\u00e7o de Apoio \u00e0s Micro e Pequenas Empresas (Sebrae). Conhe\u00e7a um pouco mais sobre essas entidades:<\/p><p><b>Anprotec<\/b><\/p><p>Criada em 1987, a Associa\u00e7\u00e3o Nacional de Entidades Promotoras de Empreendimentos Inovadores (Anprotec) re\u00fane 268 associados, entre incubadoras de empresas, parques tecnol\u00f3gicos, institui\u00e7\u00f5es de ensino e pesquisa, \u00f3rg\u00e3os p\u00fablicos e outras entidades ligadas a empreendedorismo e \u00e0 inova\u00e7\u00e3o. L\u00edder do movimento no Brasil, a associa\u00e7\u00e3o atua por meio da promo\u00e7\u00e3o de atividades de capacita\u00e7\u00e3o, articula\u00e7\u00e3o de pol\u00edticas p\u00fablicas, gera\u00e7\u00e3o e dissemina\u00e7\u00e3o de conhecimentos.<\/p><p>A trajet\u00f3ria da Anprotec est\u00e1 diretamente ligada ao desenvolvimento de incubadoras de empresas e parques tecnol\u00f3gicos brasileiros. A implanta\u00e7\u00e3o desses ambientes em diferentes regi\u00f5es disseminou a ideia do empreendedorismo inovador no pa\u00eds, desencadeando a consolida\u00e7\u00e3o de um dos maiores sistemas mundiais de parques tecnol\u00f3gicos e incubadoras de empresa. Confiante no trabalho das institui\u00e7\u00f5es que representa, a Anprotec, em conjunto com os diversos parceiros envolvidos em cada uma de suas a\u00e7\u00f5es, contribui para que o empreendedorismo inovador colabore de forma decisiva para o desenvolvimento sustent\u00e1vel do Brasil.<\/p><p>Saiba mais:\u00a0<a style=\"text-align: var(--text-align); background-color: #ffffff;\" href=\"http:\/\/www.anprotec.org.br\" target=\"_blank\" rel=\"noopener\">www.anprotec.org.br<\/a><\/p><p><b>Sebrae<\/b><\/p><p>O Servi\u00e7o Brasileiro de Apoio \u00e0s Micro e Pequenas Empresas (Sebrae) \u00e9 uma ag\u00eancia de fomento e assist\u00eancia t\u00e9cnica aos pequenos neg\u00f3cios, que correspondem a 99% das empresas brasileiras, ou 7 milh\u00f5es de micro e pequenas empresas, sendo que mais de 2,5 milh\u00f5es destas s\u00e3o Microempreendedores Individuais (MEI). Al\u00e9m destes empreendimentos, o Sebrae tamb\u00e9m atende 4,4 milh\u00f5es de agricultores familiares.<br \/>Para orientar os empreendedores a adotarem uma gest\u00e3o competitiva e inovadora, o Sebrae oferece dezenas de cursos presenciais e pela internet. A institui\u00e7\u00e3o conta com cerca de 700 postos de atendimento distribu\u00eddos pelo pa\u00eds e atende tamb\u00e9m pelo telefone gratuito 0800 570 0800.<\/p><p>Saiba mais:\u00a0<a style=\"text-align: var(--text-align); background-color: #ffffff;\" href=\"http:\/\/www.sebrae.com.br\" target=\"_blank\" rel=\"noopener\">www.sebrae.com.br<\/a><\/p>\t\t\t\t\t<\/div>\n\t\t\t\t\t\t<\/div>\n\t\t\t\t<\/div>\n\t\t<\/div>\t\t\t\t\t\t\t<\/div>\n\t\t\t<\/div>\n\t\t\t\t\t<\/div>\n\t\t","protected":false},"excerpt":{"rendered":"<p>Realizadores O Centro de Refer\u00eancia para Apoio a Novos Empreendimentos (Cerne) \u00e9 uma iniciativa da Associa\u00e7\u00e3o Nacional de Entidades Promotoras de Empreendimentos Inovadores (Anprotec) em parceria com o Servi\u00e7o de Apoio \u00e0s Micro e Pequenas Empresas (Sebrae). Conhe\u00e7a um pouco mais sobre essas entidades: Anprotec Criada em 1987, a Associa\u00e7\u00e3o Nacional de Entidades Promotoras de &hellip;<\/p>\n<p class=\"read-more\"> <a class=\"\" href=\"https:\/\/anprotec.org.br\/cerne\/conceito\/realizadores\/\"> <span class=\"screen-reader-text\">Realizadores<\/span> Leia mais &raquo;<\/a><\/p>\n","protected":false},"author":1,"featured_media":0,"parent":890,"menu_order":0,"comment_status":"closed","ping_status":"closed","template":"","meta":{"footnotes":""},"class_list":["post-907","page","type-page","status-publish","hentry"],"_links":{"self":[{"href":"https:\/\/anprotec.org.br\/cerne\/wp-json\/wp\/v2\/pages\/907","targetHints":{"allow":["GET"]}}],"collection":[{"href":"https:\/\/anprotec.org.br\/cerne\/wp-json\/wp\/v2\/pages"}],"about":[{"href":"https:\/\/anprotec.org.br\/cerne\/wp-json\/wp\/v2\/types\/page"}],"author":[{"embeddable":true,"href":"https:\/\/anprotec.org.br\/cerne\/wp-json\/wp\/v2\/users\/1"}],"replies":[{"embeddable":true,"href":"https:\/\/anprotec.org.br\/cerne\/wp-json\/wp\/v2\/comments?post=907"}],"version-history":[{"count":20,"href":"https:\/\/anprotec.org.br\/cerne\/wp-json\/wp\/v2\/pages\/907\/revisions"}],"predecessor-version":[{"id":978,"href":"https:\/\/anprotec.org.br\/cerne\/wp-json\/wp\/v2\/pages\/907\/revisions\/978"}],"up":[{"embeddable":true,"href":"https:\/\/anprotec.org.br\/cerne\/wp-json\/wp\/v2\/pages\/890"}],"wp:attachment":[{"href":"https:\/\/anprotec.org.br\/cerne\/wp-json\/wp\/v2\/media?parent=907"}],"curies":[{"name":"wp","href":"https:\/\/api.w.org\/{rel}","templated":true}]}}